[INFO] cloning repository https://github.com/SMXCore/transel-scraper
[INFO] running `Command { std: "git" "-c" "credential.helper=" "-c" "credential.helper=/workspace/cargo-home/bin/git-credential-null" "clone" "--bare" "https://github.com/SMXCore/transel-scraper" "/workspace/cache/git-repos/https%3A%2F%2Fgithub.com%2FSMXCore%2Ftransel-scraper", kill_on_drop: false }`
[INFO] [stderr] Cloning into bare repository '/workspace/cache/git-repos/https%3A%2F%2Fgithub.com%2FSMXCore%2Ftransel-scraper'...
[INFO] running `Command { std: "git" "rev-parse" "HEAD", kill_on_drop: false }`
[INFO] [stdout] 4a3a9c318ed48e39a147a971b12861729ea2699d
[INFO] checking SMXCore/transel-scraper against try#72f88fc4e9458f89516a0b8b0868f3718aec5b47 for pr-74989
[INFO] running `Command { std: "git" "clone" "/workspace/cache/git-repos/https%3A%2F%2Fgithub.com%2FSMXCore%2Ftransel-scraper" "/workspace/builds/worker-5/source", kill_on_drop: false }`
[INFO] [stderr] Cloning into '/workspace/builds/worker-5/source'...
[INFO] [stderr] done.
[INFO] validating manifest of git repo https://github.com/SMXCore/transel-scraper on toolchain 72f88fc4e9458f89516a0b8b0868f3718aec5b47
[INFO] running `Command { std: "/workspace/cargo-home/bin/cargo" "+72f88fc4e9458f89516a0b8b0868f3718aec5b47" "read-manifest" "--manifest-path" "Cargo.toml", kill_on_drop: false }`
[INFO] started tweaking git repo https://github.com/SMXCore/transel-scraper
[INFO] finished tweaking git repo https://github.com/SMXCore/transel-scraper
[INFO] tweaked toml for git repo https://github.com/SMXCore/transel-scraper written to /workspace/builds/worker-5/source/Cargo.toml
[INFO] crate git repo https://github.com/SMXCore/transel-scraper already has a lockfile, it will not be regenerated
[INFO] running `Command { std: "/workspace/cargo-home/bin/cargo" "+72f88fc4e9458f89516a0b8b0868f3718aec5b47" "fetch" "--locked" "--manifest-path" "Cargo.toml", kill_on_drop: false }`
[INFO] [stderr] error: the lock file /workspace/builds/worker-5/source/Cargo.lock needs to be updated but --locked was passed to prevent this
[INFO] [stderr] If you want to try to generate the lock file without accessing the network, use the --offline flag.
[INFO] the lockfile is outdated, regenerating it
[INFO] running `Command { std: "/workspace/cargo-home/bin/cargo" "+72f88fc4e9458f89516a0b8b0868f3718aec5b47" "generate-lockfile" "--manifest-path" "Cargo.toml" "-Zno-index-update", kill_on_drop: false }`
[INFO] running `Command { std: "/workspace/cargo-home/bin/cargo" "+72f88fc4e9458f89516a0b8b0868f3718aec5b47" "fetch" "--locked" "--manifest-path" "Cargo.toml", kill_on_drop: false }`
[INFO] [stderr]  Downloading crates ...
[INFO] [stderr]   Downloaded const_fn v0.4.2
[INFO] [stderr]   Downloaded time v0.2.19
[INFO] [stderr]   Downloaded tracing-core v0.1.16
[INFO] running `Command { std: "docker" "create" "-v" "/var/lib/crater-agent-workspace/builds/worker-5/target:/opt/rustwide/target:rw,Z" "-v" "/var/lib/crater-agent-workspace/builds/worker-5/source:/opt/rustwide/workdir:ro,Z" "-v" "/var/lib/crater-agent-workspace/cargo-home:/opt/rustwide/cargo-home:ro,Z" "-v" "/var/lib/crater-agent-workspace/rustup-home:/opt/rustwide/rustup-home:ro,Z" "-e" "SOURCE_DIR=/opt/rustwide/workdir" "-e" "CARGO_TARGET_DIR=/opt/rustwide/target" "-e" "CARGO_HOME=/opt/rustwide/cargo-home" "-e" "RUSTUP_HOME=/opt/rustwide/rustup-home" "-w" "/opt/rustwide/workdir" "-m" "1610612736" "--user" "0:0" "--network" "none" "rustops/crates-build-env@sha256:d92eaeed33fa75130ca1ee6c8a01d1ffb62bac859dfdfb3450e3e5d1c0146529" "/opt/rustwide/cargo-home/bin/cargo" "+72f88fc4e9458f89516a0b8b0868f3718aec5b47" "metadata" "--no-deps" "--format-version=1", kill_on_drop: false }`
[INFO] [stdout] cbb6d1e64ce4bb1c50a02ca199dc8a840e12e0892a1a31465ca0a6bc2d02796a
[INFO] [stderr] WARNING: Your kernel does not support swap limit capabilities or the cgroup is not mounted. Memory limited without swap.
[INFO] running `Command { std: "docker" "start" "-a" "cbb6d1e64ce4bb1c50a02ca199dc8a840e12e0892a1a31465ca0a6bc2d02796a", kill_on_drop: false }`
[INFO] running `Command { std: "docker" "inspect" "cbb6d1e64ce4bb1c50a02ca199dc8a840e12e0892a1a31465ca0a6bc2d02796a", kill_on_drop: false }`
[INFO] running `Command { std: "docker" "rm" "-f" "cbb6d1e64ce4bb1c50a02ca199dc8a840e12e0892a1a31465ca0a6bc2d02796a", kill_on_drop: false }`
[INFO] [stdout] cbb6d1e64ce4bb1c50a02ca199dc8a840e12e0892a1a31465ca0a6bc2d02796a
[INFO] running `Command { std: "docker" "create" "-v" "/var/lib/crater-agent-workspace/builds/worker-5/target:/opt/rustwide/target:rw,Z" "-v" "/var/lib/crater-agent-workspace/builds/worker-5/source:/opt/rustwide/workdir:ro,Z" "-v" "/var/lib/crater-agent-workspace/cargo-home:/opt/rustwide/cargo-home:ro,Z" "-v" "/var/lib/crater-agent-workspace/rustup-home:/opt/rustwide/rustup-home:ro,Z" "-e" "SOURCE_DIR=/opt/rustwide/workdir" "-e" "CARGO_TARGET_DIR=/opt/rustwide/target" "-e" "CARGO_INCREMENTAL=0" "-e" "RUST_BACKTRACE=full" "-e" "RUSTFLAGS=--cap-lints=forbid" "-e" "CARGO_HOME=/opt/rustwide/cargo-home" "-e" "RUSTUP_HOME=/opt/rustwide/rustup-home" "-w" "/opt/rustwide/workdir" "-m" "1610612736" "--user" "0:0" "--network" "none" "rustops/crates-build-env@sha256:d92eaeed33fa75130ca1ee6c8a01d1ffb62bac859dfdfb3450e3e5d1c0146529" "/opt/rustwide/cargo-home/bin/cargo" "+72f88fc4e9458f89516a0b8b0868f3718aec5b47" "check" "--frozen" "--all" "--all-targets" "--message-format=json", kill_on_drop: false }`
[INFO] [stderr] WARNING: Your kernel does not support swap limit capabilities or the cgroup is not mounted. Memory limited without swap.
[INFO] [stdout] 085264a619b724a1c78c5ca54cf237cda295df52c338e34ffb4a10b4c6c66360
[INFO] running `Command { std: "docker" "start" "-a" "085264a619b724a1c78c5ca54cf237cda295df52c338e34ffb4a10b4c6c66360", kill_on_drop: false }`
[INFO] [stderr]    Compiling syn v1.0.40
[INFO] [stderr]    Compiling log v0.4.11
[INFO] [stderr]     Checking bytes v0.5.6
[INFO] [stderr]    Compiling pin-project-internal v0.4.23
[INFO] [stderr]     Checking fnv v1.0.7
[INFO] [stderr]     Checking futures-core v0.3.5
[INFO] [stderr]    Compiling autocfg v1.0.1
[INFO] [stderr]     Checking pin-project-lite v0.1.7
[INFO] [stderr]     Checking itoa v0.4.6
[INFO] [stderr]    Compiling proc-macro-hack v0.5.18
[INFO] [stderr]    Compiling httparse v1.3.4
[INFO] [stderr]    Compiling const_fn v0.4.2
[INFO] [stderr]     Checking futures-sink v0.3.5
[INFO] [stderr]     Checking pin-utils v0.1.0
[INFO] [stderr]     Checking try-lock v0.2.3
[INFO] [stderr]     Checking tower-service v0.3.0
[INFO] [stderr]    Compiling standback v0.2.10
[INFO] [stderr]    Compiling time v0.2.19
[INFO] [stderr]     Checking tracing-core v0.1.16
[INFO] [stderr]     Checking futures-channel v0.3.5
[INFO] [stderr]     Checking iovec v0.1.4
[INFO] [stderr]     Checking net2 v0.2.35
[INFO] [stderr]     Checking socket2 v0.3.15
[INFO] [stderr]     Checking time v0.1.44
[INFO] [stderr]     Checking mio v0.6.22
[INFO] [stderr]     Checking tracing v0.1.19
[INFO] [stderr]     Checking want v0.3.0
[INFO] [stderr]    Compiling indexmap v1.6.0
[INFO] [stderr]     Checking http v0.2.1
[INFO] [stderr]     Checking tokio v0.2.22
[INFO] [stderr]     Checking http-body v0.3.1
[INFO] [stderr]     Checking tokio-util v0.3.1
[INFO] [stderr]    Compiling time-macros-impl v0.1.1
[INFO] [stderr]     Checking time-macros v0.1.0
[INFO] [stderr]     Checking pin-project v0.4.23
[INFO] [stderr]     Checking futures-util v0.3.5
[INFO] [stderr]     Checking h2 v0.2.6
[INFO] [stderr]     Checking hyper v0.13.7
[INFO] [stderr]     Checking transel-scraper v0.1.0 (/opt/rustwide/workdir)
[INFO] [stdout] error[E0425]: cannot find function `now` in crate `time`
[INFO] [stdout]   --> src/main.rs:22:18
[INFO] [stdout]    |
[INFO] [stdout] 22 |     let now = time::now();
[INFO] [stdout]    |                     ^^^ not found in `time`
[INFO] [stdout]    |
[INFO] [stdout] help: consider importing this function
[INFO] [stdout]    |
[INFO] [stdout] 4  | use thread::panicking::backtrace::backtrace_rs::symbolize::gimli::mystd::sys::time::inner::now;
[INFO] [stdout]    |
[INFO] [stdout] 
[INFO] [stdout] 
[INFO] [stdout] error[E0425]: cannot find value `Ok` in crate `hyper`
[INFO] [stdout]   --> src/main.rs:26:35
[INFO] [stdout]    |
[INFO] [stdout] 26 |     assert_eq!(res.status, hyper::Ok);
[INFO] [stdout]    |                                   ^^ not found in `hyper`
[INFO] [stdout]    |
[INFO] [stdout] help: consider importing this tuple variant
[INFO] [stdout]    |
[INFO] [stdout] 4  | use std::result::Result::Ok;
[INFO] [stdout]    |
[INFO] [stdout] 
[INFO] [stdout] 
[INFO] [stdout] error[E0425]: cannot find function `now` in crate `time`
[INFO] [stdout]   --> src/main.rs:53:21
[INFO] [stdout]    |
[INFO] [stdout] 53 |     let now = time::now();
[INFO] [stdout]    |                     ^^^ not found in `time`
[INFO] [stdout]    |
[INFO] [stdout] help: consider importing this function
[INFO] [stdout]    |
[INFO] [stdout] 4  | use thread::panicking::backtrace::backtrace_rs::symbolize::gimli::mystd::sys::time::inner::now;
[INFO] [stdout]    |
[INFO] [stdout] 
[INFO] [stdout] 
[INFO] [stdout] error[E0425]: cannot find function `now` in crate `time`
[INFO] [stdout]   --> src/main.rs:63:21
[INFO] [stdout]    |
[INFO] [stdout] 63 |     let now = time::now();
[INFO] [stdout]    |                     ^^^ not found in `time`
[INFO] [stdout]    |
[INFO] [stdout] help: consider importing this function
[INFO] [stdout]    |
[INFO] [stdout] 4  | use thread::panicking::backtrace::backtrace_rs::symbolize::gimli::mystd::sys::time::inner::now;
[INFO] [stdout]    |
[INFO] [stdout] 
[INFO] [stdout] 
[INFO] [stdout] error[E0425]: cannot find function `now` in crate `time`
[INFO] [stdout]   --> src/main.rs:69:19
[INFO] [stdout]    |
[INFO] [stdout] 69 |         let now = time::now();
[INFO] [stdout]    |                         ^^^ not found in `time`
[INFO] [stdout]    |
[INFO] [stdout] help: consider importing this function
[INFO] [stdout]    |
[INFO] [stdout] 4  | use thread::panicking::backtrace::backtrace_rs::symbolize::gimli::mystd::sys::time::inner::now;
[INFO] [stdout]    |
[INFO] [stdout] 
[INFO] [stdout] 
[INFO] [stdout] error[E0425]: cannot find function `now` in crate `time`
[INFO] [stdout]   --> src/main.rs:80:21
[INFO] [stdout]    |
[INFO] [stdout] 80 |     let now = time::now();
[INFO] [stdout]    |                     ^^^ not found in `time`
[INFO] [stdout]    |
[INFO] [stdout] help: consider importing this function
[INFO] [stdout]    |
[INFO] [stdout] 4  | use thread::panicking::backtrace::backtrace_rs::symbolize::gimli::mystd::sys::time::inner::now;
[INFO] [stdout]    |
[INFO] [stdout] 
[INFO] [stdout] 
[INFO] [stdout] error[E0425]: cannot find function `now` in crate `time`
[INFO] [stdout]   --> src/main.rs:86:21
[INFO] [stdout]    |
[INFO] [stdout] 86 |     let now = time::now();
[INFO] [stdout]    |                     ^^^ not found in `time`
[INFO] [stdout]    |
[INFO] [stdout] help: consider importing this function
[INFO] [stdout]    |
[INFO] [stdout] 4  | use thread::panicking::backtrace::backtrace_rs::symbolize::gimli::mystd::sys::time::inner::now;
[INFO] [stdout]    |
[INFO] [stdout] 
[INFO] [stdout] 
[INFO] [stdout] error[E0425]: cannot find function `now` in crate `time`
[INFO] [stdout]   --> src/main.rs:89:25
[INFO] [stdout]    |
[INFO] [stdout] 89 |         let now = time::now();
[INFO] [stdout]    |                         ^^^ not found in `time`
[INFO] [stdout]    |
[INFO] [stdout] help: consider importing this function
[INFO] [stdout]    |
[INFO] [stdout] 4  | use thread::panicking::backtrace::backtrace_rs::symbolize::gimli::mystd::sys::time::inner::now;
[INFO] [stdout]    |
[INFO] [stdout] 
[INFO] [stdout] 
[INFO] [stdout] error[E0425]: cannot find function `now` in crate `time`
[INFO] [stdout]    --> src/main.rs:105:25
[INFO] [stdout]     |
[INFO] [stdout] 105 |         let now = time::now();
[INFO] [stdout]     |                         ^^^ not found in `time`
[INFO] [stdout]     |
[INFO] [stdout] help: consider importing this function
[INFO] [stdout]     |
[INFO] [stdout] 4   | use thread::panicking::backtrace::backtrace_rs::symbolize::gimli::mystd::sys::time::inner::now;
[INFO] [stdout]     |
[INFO] [stdout] 
[INFO] [stdout] 
[INFO] [stdout] error[E0425]: cannot find function `now` in crate `time`
[INFO] [stdout]   --> src/main.rs:22:18
[INFO] [stdout]    |
[INFO] [stdout] 22 |     let now = time::now();
[INFO] [stdout]    |                     ^^^ not found in `time`
[INFO] [stdout]    |
[INFO] [stdout] help: consider importing this function
[INFO] [stdout]    |
[INFO] [stdout] 4  | use thread::panicking::backtrace::backtrace_rs::symbolize::gimli::mystd::sys::time::inner::now;
[INFO] [stdout]    |
[INFO] [stdout] 
[INFO] [stdout] 
[INFO] [stdout] error[E0425]: cannot find value `Ok` in crate `hyper`
[INFO] [stdout]   --> src/main.rs:26:35
[INFO] [stdout]    |
[INFO] [stdout] 26 |     assert_eq!(res.status, hyper::Ok);
[INFO] [stdout]    |                                   ^^ not found in `hyper`
[INFO] [stdout]    |
[INFO] [stdout] help: consider importing this tuple variant
[INFO] [stdout]    |
[INFO] [stdout] 4  | use std::result::Result::Ok;
[INFO] [stdout]    |
[INFO] [stdout] 
[INFO] [stdout] 
[INFO] [stdout] error[E0425]: cannot find function `now` in crate `time`
[INFO] [stdout]   --> src/main.rs:53:21
[INFO] [stdout]    |
[INFO] [stdout] 53 |     let now = time::now();
[INFO] [stdout]    |                     ^^^ not found in `time`
[INFO] [stdout]    |
[INFO] [stdout] help: consider importing this function
[INFO] [stdout]    |
[INFO] [stdout] 4  | use thread::panicking::backtrace::backtrace_rs::symbolize::gimli::mystd::sys::time::inner::now;
[INFO] [stdout]    |
[INFO] [stdout] 
[INFO] [stdout] 
[INFO] [stdout] error[E0425]: cannot find function `now` in crate `time`
[INFO] [stdout]   --> src/main.rs:63:21
[INFO] [stdout]    |
[INFO] [stdout] 63 |     let now = time::now();
[INFO] [stdout]    |                     ^^^ not found in `time`
[INFO] [stdout]    |
[INFO] [stdout] help: consider importing this function
[INFO] [stdout]    |
[INFO] [stdout] 4  | use thread::panicking::backtrace::backtrace_rs::symbolize::gimli::mystd::sys::time::inner::now;
[INFO] [stdout]    |
[INFO] [stdout] 
[INFO] [stdout] 
[INFO] [stdout] error[E0425]: cannot find function `now` in crate `time`
[INFO] [stdout]   --> src/main.rs:69:19
[INFO] [stdout]    |
[INFO] [stdout] 69 |         let now = time::now();
[INFO] [stdout]    |                         ^^^ not found in `time`
[INFO] [stdout]    |
[INFO] [stdout] help: consider importing this function
[INFO] [stdout]    |
[INFO] [stdout] 4  | use thread::panicking::backtrace::backtrace_rs::symbolize::gimli::mystd::sys::time::inner::now;
[INFO] [stdout]    |
[INFO] [stdout] 
[INFO] [stdout] 
[INFO] [stdout] error[E0425]: cannot find function `now` in crate `time`
[INFO] [stdout]   --> src/main.rs:80:21
[INFO] [stdout]    |
[INFO] [stdout] 80 |     let now = time::now();
[INFO] [stdout]    |                     ^^^ not found in `time`
[INFO] [stdout]    |
[INFO] [stdout] help: consider importing this function
[INFO] [stdout]    |
[INFO] [stdout] 4  | use thread::panicking::backtrace::backtrace_rs::symbolize::gimli::mystd::sys::time::inner::now;
[INFO] [stdout]    |
[INFO] [stdout] 
[INFO] [stdout] 
[INFO] [stdout] error[E0425]: cannot find function `now` in crate `time`
[INFO] [stdout]   --> src/main.rs:86:21
[INFO] [stdout]    |
[INFO] [stdout] 86 |     let now = time::now();
[INFO] [stdout]    |                     ^^^ not found in `time`
[INFO] [stdout]    |
[INFO] [stdout] help: consider importing this function
[INFO] [stdout]    |
[INFO] [stdout] 4  | use thread::panicking::backtrace::backtrace_rs::symbolize::gimli::mystd::sys::time::inner::now;
[INFO] [stdout]    |
[INFO] [stdout] 
[INFO] [stdout] 
[INFO] [stdout] error[E0425]: cannot find function `now` in crate `time`
[INFO] [stdout]   --> src/main.rs:89:25
[INFO] [stdout]    |
[INFO] [stdout] 89 |         let now = time::now();
[INFO] [stdout]    |                         ^^^ not found in `time`
[INFO] [stdout]    |
[INFO] [stdout] help: consider importing this function
[INFO] [stdout]    |
[INFO] [stdout] 4  | use thread::panicking::backtrace::backtrace_rs::symbolize::gimli::mystd::sys::time::inner::now;
[INFO] [stdout]    |
[INFO] [stdout] 
[INFO] [stdout] 
[INFO] [stdout] error[E0425]: cannot find function `now` in crate `time`
[INFO] [stdout]    --> src/main.rs:105:25
[INFO] [stdout]     |
[INFO] [stdout] 105 |         let now = time::now();
[INFO] [stdout]     |                         ^^^ not found in `time`
[INFO] [stdout]     |
[INFO] [stdout] help: consider importing this function
[INFO] [stdout]     |
[INFO] [stdout] 4   | use thread::panicking::backtrace::backtrace_rs::symbolize::gimli::mystd::sys::time::inner::now;
[INFO] [stdout]     |
[INFO] [stdout] 
[INFO] [stdout] 
[INFO] [stdout] error[E0308]: mismatched types
[INFO] [stdout]   --> src/main.rs:25:30
[INFO] [stdout]    |
[INFO] [stdout] 25 |     let mut res = client.get(site_transel).send().unwrap();
[INFO] [stdout]    |                              ^^^^^^^^^^^^ expected struct `Uri`, found `&str`
[INFO] [stdout] 
[INFO] [stdout] 
[INFO] [stdout] error[E0308]: mismatched types
[INFO] [stdout]   --> src/main.rs:25:30
[INFO] [stdout]    |
[INFO] [stdout] 25 |     let mut res = client.get(site_transel).send().unwrap();
[INFO] [stdout]    |                              ^^^^^^^^^^^^ expected struct `Uri`, found `&str`
[INFO] [stdout] 
[INFO] [stdout] 
[INFO] [stdout] error[E0599]: no method named `send` found for struct `hyper::client::ResponseFuture` in the current scope
[INFO] [stdout]   --> src/main.rs:25:44
[INFO] [stdout]    |
[INFO] [stdout] 25 |     let mut res = client.get(site_transel).send().unwrap();
[INFO] [stdout]    |                                            ^^^^ method not found in `hyper::client::ResponseFuture`
[INFO] [stdout] 
[INFO] [stdout] 
[INFO] [stdout] error[E0599]: no method named `send` found for struct `hyper::client::ResponseFuture` in the current scope
[INFO] [stdout]   --> src/main.rs:25:44
[INFO] [stdout]    |
[INFO] [stdout] 25 |     let mut res = client.get(site_transel).send().unwrap();
[INFO] [stdout]    |                                            ^^^^ method not found in `hyper::client::ResponseFuture`
[INFO] [stdout] 
[INFO] [stdout] 
[INFO] [stdout] error: aborting due to 11 previous errors
[INFO] [stdout] 
[INFO] [stdout] 
[INFO] [stdout] Some errors have detailed explanations: E0308, E0425, E0599.
[INFO] [stdout] 
[INFO] [stdout] For more information about an error, try `rustc --explain E0308`.
[INFO] [stdout] 
[INFO] [stdout] error: aborting due to 11 previous errors
[INFO] [stdout] 
[INFO] [stdout] 
[INFO] [stdout] Some errors have detailed explanations: E0308, E0425, E0599.
[INFO] [stdout] 
[INFO] [stdout] For more information about an error, try `rustc --explain E0308`.
[INFO] [stdout] 
[INFO] [stderr] error: could not compile `transel-scraper`.
[INFO] [stderr] 
[INFO] [stderr] To learn more, run the command again with --verbose.
[INFO] [stderr] warning: build failed, waiting for other jobs to finish...
[INFO] [stderr] error: build failed
[INFO] running `Command { std: "docker" "inspect" "085264a619b724a1c78c5ca54cf237cda295df52c338e34ffb4a10b4c6c66360", kill_on_drop: false }`
[INFO] running `Command { std: "docker" "rm" "-f" "085264a619b724a1c78c5ca54cf237cda295df52c338e34ffb4a10b4c6c66360", kill_on_drop: false }`
[INFO] [stdout] 085264a619b724a1c78c5ca54cf237cda295df52c338e34ffb4a10b4c6c66360
